{"id":433,"date":"2026-01-12T13:43:07","date_gmt":"2026-01-12T13:43:07","guid":{"rendered":"https:\/\/clapbam.com\/?post_type=product&#038;p=433"},"modified":"2026-02-05T00:51:56","modified_gmt":"2026-02-05T00:51:56","slug":"planche-a-langer-pour-changer-bebe","status":"publish","type":"product","link":"https:\/\/clapbam.com\/index.php\/product\/planche-a-langer-pour-changer-bebe\/","title":{"rendered":"Planche \u00e0 langer pour changer b\u00e9b\u00e9"},"content":{"rendered":"<p data-start=\"202\" data-end=\"450\">Cette planche \u00e0 langer d\u2019occasion est une solution pratique et fonctionnelle pour changer b\u00e9b\u00e9 en toute s\u00e9curit\u00e9. Con\u00e7ue pour \u00eatre pos\u00e9e sur un lit ou une commode adapt\u00e9e, elle offre une surface stable pour les soins quotidiens. Elle est tr\u00e8s confortable.<\/p>\n<p data-start=\"202\" data-end=\"450\">Elle peut se ranger facilement en dans un coin en la glissant entre deux meubles.<\/p>\n<p data-start=\"452\" data-end=\"794\">Sa structure rigide assure un bon maintien, tandis que les rebords sur\u00e9lev\u00e9s contribuent \u00e0 limiter les risques de chute. La surface est tr\u00e8s facile \u00e0 nettoyer, id\u00e9ale pour une utilisation r\u00e9guli\u00e8re.<\/p>\n<p data-start=\"452\" data-end=\"794\">La planche est en bon \u00e9tat g\u00e9n\u00e9ral.<\/p>\n<p data-start=\"796\" data-end=\"818\"><strong data-start=\"796\" data-end=\"818\">Caract\u00e9ristiques :<\/strong><\/p>\n<ul data-start=\"819\" data-end=\"983\">\n<li data-start=\"851\" data-end=\"883\">\n<p data-start=\"853\" data-end=\"883\">Surface stable et r\u00e9sistante<\/p>\n<\/li>\n<li data-start=\"884\" data-end=\"907\">\n<p data-start=\"886\" data-end=\"907\">Rebords de s\u00e9curit\u00e9<\/p>\n<\/li>\n<li data-start=\"908\" data-end=\"929\">\n<p data-start=\"910\" data-end=\"929\">Facile \u00e0 nettoyer<\/p>\n<\/li>\n<li data-start=\"930\" data-end=\"983\">\n<p data-start=\"932\" data-end=\"983\">Installation simple sur lit b\u00e9b\u00e9 ou meuble adapt\u00e9<\/p>\n<\/li>\n<\/ul>\n<p data-start=\"985\" data-end=\"1000\"><strong data-start=\"985\" data-end=\"1000\">Avantages :<\/strong><\/p>\n<ul data-start=\"1001\" data-end=\"1091\">\n<li data-start=\"1001\" data-end=\"1018\">\n<p data-start=\"1003\" data-end=\"1018\">Gain de place<\/p>\n<\/li>\n<li data-start=\"1019\" data-end=\"1056\">\n<p data-start=\"1021\" data-end=\"1056\">Solution \u00e9conomique<\/p>\n<\/li>\n<li data-start=\"1057\" data-end=\"1091\">\n<p data-start=\"1059\" data-end=\"1091\">Id\u00e9ale pour un usage quotidien<\/p>\n<\/li>\n<\/ul>\n<p data-start=\"1093\" data-end=\"1164\"><em>Produit vendu d\u2019occasion \u2013 photos r\u00e9elles disponibles sur la fiche ci-dessus.<\/em><\/p>\n","protected":false},"excerpt":{"rendered":"<p data-start=\"202\" data-end=\"450\">Cette planche \u00e0 langer d\u2019occasion est une solution pratique et fonctionnelle pour changer b\u00e9b\u00e9 en toute s\u00e9curit\u00e9. Con\u00e7ue pour \u00eatre pos\u00e9e sur un lit ou une commode adapt\u00e9e, elle offre une surface stable pour les soins quotidiens. Elle est tr\u00e8s confortable.<\/p>\n<p data-start=\"202\" data-end=\"450\">Elle peut se ranger facilement en dans un coin en la glissant entre deux meubles.<\/p>\n<p data-start=\"452\" data-end=\"794\">Sa structure rigide assure un bon maintien, tandis que les rebords sur\u00e9lev\u00e9s contribuent \u00e0 limiter les risques de chute. La surface est tr\u00e8s facile \u00e0 nettoyer, id\u00e9ale pour une utilisation r\u00e9guli\u00e8re.<\/p>\n<p data-start=\"452\" data-end=\"794\">La planche est en bon \u00e9tat g\u00e9n\u00e9ral.<\/p>\n","protected":false},"featured_media":432,"template":"","meta":{"neve_meta_sidebar":"","neve_meta_container":"","neve_meta_enable_content_width":"off","neve_meta_content_width":100,"neve_meta_title_alignment":"","neve_meta_author_avatar":"","neve_post_elements_order":"","neve_meta_disable_header":"","neve_meta_disable_footer":"","neve_meta_disable_title":"","_themeisle_gutenberg_block_has_review":false},"product_brand":[],"product_cat":[21],"product_tag":[],"class_list":{"0":"post-433","1":"product","2":"type-product","3":"status-publish","4":"has-post-thumbnail","6":"product_cat-occasion","8":"first","9":"instock","10":"shipping-taxable","11":"purchasable","12":"product-type-simple"},"jetpack_sharing_enabled":true,"_links":{"self":[{"href":"https:\/\/clapbam.com\/index.php\/wp-json\/wp\/v2\/product\/433","targetHints":{"allow":["GET"]}}],"collection":[{"href":"https:\/\/clapbam.com\/index.php\/wp-json\/wp\/v2\/product"}],"about":[{"href":"https:\/\/clapbam.com\/index.php\/wp-json\/wp\/v2\/types\/product"}],"wp:featuredmedia":[{"embeddable":true,"href":"https:\/\/clapbam.com\/index.php\/wp-json\/wp\/v2\/media\/432"}],"wp:attachment":[{"href":"https:\/\/clapbam.com\/index.php\/wp-json\/wp\/v2\/media?parent=433"}],"wp:term":[{"taxonomy":"product_brand","embeddable":true,"href":"https:\/\/clapbam.com\/index.php\/wp-json\/wp\/v2\/product_brand?post=433"},{"taxonomy":"product_cat","embeddable":true,"href":"https:\/\/clapbam.com\/index.php\/wp-json\/wp\/v2\/product_cat?post=433"},{"taxonomy":"product_tag","embeddable":true,"href":"https:\/\/clapbam.com\/index.php\/wp-json\/wp\/v2\/product_tag?post=433"}],"curies":[{"name":"wp","href":"https:\/\/api.w.org\/{rel}","templated":true}]}}