{"id":435,"date":"2026-01-09T19:20:02","date_gmt":"2026-01-09T19:20:02","guid":{"rendered":"https:\/\/clapbam.com\/?post_type=product&#038;p=435"},"modified":"2026-01-12T14:19:02","modified_gmt":"2026-01-12T14:19:02","slug":"hachoir-a-viande-manuel-doccasion","status":"publish","type":"product","link":"https:\/\/clapbam.com\/index.php\/product\/hachoir-a-viande-manuel-doccasion\/","title":{"rendered":"Hachoir \u00e0 viande manuel d&rsquo;occasion"},"content":{"rendered":"<p data-start=\"629\" data-end=\"944\">Ce hachoir fonctionne \u00e0 la main gr\u00e2ce \u00e0 une manivelle efficace, ce qui permet un broyage pr\u00e9cis et silencieux. Sa structure en aluminium r\u00e9sistant \u00e0 la corrosion assure une dur\u00e9e de vie prolong\u00e9e, tandis que sa fixation stable garantit une utilisation s\u00fbre sur plan de travail.<\/p>\n<p data-start=\"946\" data-end=\"980\"><strong data-start=\"946\" data-end=\"980\">Caract\u00e9ristiques principales :<\/strong><\/p>\n<ul data-start=\"981\" data-end=\"1332\">\n<li data-start=\"981\" data-end=\"1019\">\n<p data-start=\"983\" data-end=\"1019\">Hachoir \u00e0 viande manuel d\u2019occasion<\/p>\n<\/li>\n<li data-start=\"1020\" data-end=\"1078\">\n<p data-start=\"1022\" data-end=\"1078\">Corps en aluminium durable et r\u00e9sistant \u00e0 la corrosion<\/p>\n<\/li>\n<li data-start=\"1079\" data-end=\"1110\">\n<p data-start=\"1081\" data-end=\"1110\">Manivelle simple \u00e0 utiliser<\/p>\n<\/li>\n<li data-start=\"1111\" data-end=\"1183\">\n<p data-start=\"1113\" data-end=\"1183\">Fixation solide sur une table<\/p>\n<\/li>\n<li data-start=\"1184\" data-end=\"1254\">\n<p data-start=\"1186\" data-end=\"1254\">Id\u00e9al pour hacher viande, poisson<\/p>\n<\/li>\n<li data-start=\"1255\" data-end=\"1332\">\n<p data-start=\"1257\" data-end=\"1332\">Facile \u00e0 monter, d\u00e9monter et nettoyer<\/p>\n<\/li>\n<\/ul>\n<p data-start=\"1334\" data-end=\"1349\"><strong data-start=\"1334\" data-end=\"1349\">Avantages :<\/strong><\/p>\n<ul data-start=\"1350\" data-end=\"1544\">\n<li data-start=\"1350\" data-end=\"1404\">\n<p data-start=\"1352\" data-end=\"1404\">Pas d\u2019\u00e9lectricit\u00e9 requise \u2013 utilisation \u00e9conomique<\/p>\n<\/li>\n<li data-start=\"1514\" data-end=\"1544\">\n<p data-start=\"1516\" data-end=\"1544\">Compact et r\u00e9sistant<\/p>\n<\/li>\n<\/ul>\n<p data-start=\"1546\" data-end=\"1736\">Ce produit a \u00e9t\u00e9 v\u00e9rifi\u00e9 et est en bon \u00e9tat g\u00e9n\u00e9ral, pr\u00eat \u00e0 \u00eatre utilis\u00e9 imm\u00e9diatement<\/p>\n<p data-start=\"1738\" data-end=\"1812\"><span data-start=\"1741\" data-end=\"1810\">Voir les <\/span><em data-start=\"1741\" data-end=\"1810\">photos r\u00e9elles disponibles ci-contre.<\/em><\/p>\n","protected":false},"excerpt":{"rendered":"<p data-start=\"256\" data-end=\"627\">Ce hachoir \u00e0 viande manuel en aluminium d\u2019occasion est con\u00e7u pour hacher facilement la viande et le poisson sans \u00e9lectricit\u00e9.<\/p>\n<p data-start=\"256\" data-end=\"627\">L\u00e9ger et robuste, il est id\u00e9al pour les foyers, pour les boucheries ou les poissonneries<\/p>\n<p data-start=\"256\" data-end=\"627\">Il est pratiquement neuf car n&rsquo;a \u00e9t\u00e9 utilis\u00e9 qu&rsquo;\u00e0 quelques occasions.<\/p>\n<p data-start=\"629\" data-end=\"944\">Ce hachoir fonctionne \u00e0 la main gr\u00e2ce \u00e0 une manivelle efficace, ce qui permet un broyage pr\u00e9cis et silencieux. Sa structure en aluminium r\u00e9sistant \u00e0 la corrosion assure une dur\u00e9e de vie prolong\u00e9e, tandis que sa fixation stable garantit une utilisation s\u00fbre sur plan de travail.<\/p>\n","protected":false},"featured_media":437,"template":"","meta":{"neve_meta_sidebar":"","neve_meta_container":"","neve_meta_enable_content_width":"off","neve_meta_content_width":100,"neve_meta_title_alignment":"","neve_meta_author_avatar":"","neve_post_elements_order":"","neve_meta_disable_header":"","neve_meta_disable_footer":"","neve_meta_disable_title":"","_themeisle_gutenberg_block_has_review":false},"product_brand":[],"product_cat":[21],"product_tag":[],"class_list":{"0":"post-435","1":"product","2":"type-product","3":"status-publish","4":"has-post-thumbnail","6":"product_cat-occasion","8":"first","9":"instock","10":"shipping-taxable","11":"purchasable","12":"product-type-simple"},"jetpack_sharing_enabled":true,"_links":{"self":[{"href":"https:\/\/clapbam.com\/index.php\/wp-json\/wp\/v2\/product\/435","targetHints":{"allow":["GET"]}}],"collection":[{"href":"https:\/\/clapbam.com\/index.php\/wp-json\/wp\/v2\/product"}],"about":[{"href":"https:\/\/clapbam.com\/index.php\/wp-json\/wp\/v2\/types\/product"}],"wp:featuredmedia":[{"embeddable":true,"href":"https:\/\/clapbam.com\/index.php\/wp-json\/wp\/v2\/media\/437"}],"wp:attachment":[{"href":"https:\/\/clapbam.com\/index.php\/wp-json\/wp\/v2\/media?parent=435"}],"wp:term":[{"taxonomy":"product_brand","embeddable":true,"href":"https:\/\/clapbam.com\/index.php\/wp-json\/wp\/v2\/product_brand?post=435"},{"taxonomy":"product_cat","embeddable":true,"href":"https:\/\/clapbam.com\/index.php\/wp-json\/wp\/v2\/product_cat?post=435"},{"taxonomy":"product_tag","embeddable":true,"href":"https:\/\/clapbam.com\/index.php\/wp-json\/wp\/v2\/product_tag?post=435"}],"curies":[{"name":"wp","href":"https:\/\/api.w.org\/{rel}","templated":true}]}}